*t - 18. Let h(n) = -11*n - 10. Let o(d) = 9*h(d) - 5*u(d). Calculate o(-10).
-10
Let v(u) = 8*u**3 + 2*u**2 - 2*u - 2. Let o be v(-1). Let k(c) = -2*c - 6. What is k(o)?
6
Let t(s) = -s**2 + s**3 + 2 - 1 - 2*s**3. Let z = 13 - 22. Let y = 11 + z. Give t(y).
-11
Suppose 7*i = 5*i + 6. Suppose -h = 3*h + 2*w + 26, 0 = 2*h - i*w + 1. Let q(r) = -r**3 - 6*r**2 - 3*r + 1. What is q(h)?
-9
Let c be (-16)/40 - 52/(-5)*1. Let k(s) = -s + 15. Let f(n) = -1. Let z(g) = -5*f(g) - k(g). Determine z(c).
0
Let r(s) be the first derivative of -s**2/2 - 4*s - 1. Let m(h) = -3*h**2 - 104*h + 29. Let c be m(-35). Give r(c).
2
Let f(r) = -3*r + 1. Suppose 4*g - 15 = -o, 2*g - 2*o = 2*o - 6. Suppose g*j - 3*v = 6*j + 3, 3*v + 7 = -5*j. Determine f(j).
7
Let q(h) = 6*h + 1. Suppose 11 = 3*d - 1. Let k(y) = 3*y + 1. Let a be k(d). Suppose 0 = -5*i + 5*w + 30, -4*i - 3*w - a = -2. Determine q(i).
7
Let f(y) = 4*y**2 + y + 5. Let b(o) = 4*o**2 + o + 6. Let u(m) = -2*b(m) + 3*f(m). Let s(z) = 3*z**2 + 3*z + 3. Let h(a) = 3*s(a) - 2*u(a). Determine h(-7).
3
Let b(h) = -h**2 + 13*h + 37. Suppose 24*y - 514 + 130 = 0. Give b(y).
-11
Let z(w) be the second derivative of -w**6/360 + w**5/40 + w**4/6 + 4*w**3/3 - 13*w. Let x(c) be the second derivative of z(c). What is x(6)?
-14
Let d(s) = -4 - 1357*s**2 + 3 + 1359*s**2. Let o(z) = -13*z**2 - 4*z + 12. Let m(c) = 6*d(c) + o(c). Calculate m(-5).
1
Suppose 0 = h + 3*h - 160. Let c = h - 40. Let b(f) be the second derivative of f**5/20 - f**3/6 - 3*f**2/2 + f. Calculate b(c).
-3
Let m(i) be the second derivative of 4/3*i**3 + 1/20*i**5 - 2*i**2 + 13*i + 0 - 2/3*i**4. Calculate m(7).
3
Let x(m) be the third derivative of m**8/6720 - m**7/1260 - m**5/120 + 5*m**4/8 - 11*m**2. Let w(d) be the second derivative of x(d). What is w(2)?
-1
Let l(s) = s**2 - 3*s + 4. Let x(v) = -v**2 + v - 2. Let g(d) = -2*l(d) - 3*x(d). What is g(-5)?
8
Suppose 0 = t - 2*m - 4, 3*t + 2*m - 2 = 2. Let y(k) = 7 - k**3 + 3*k - 7 - 6*k**t. Let q(f) = f**2 + 7*f + 4. Let s be q(-5). Determine y(s).
-18
Let c be ((0 - 4)/1)/(5 - 7). Let s(f) = -15*f**c - f + 3 - 2 + 3*f - 2. Calculate s(1).
-14
Let k(m) be the third derivative of -m**6/120 - m**4/6 - 2*m**3/3 + 14*m**2. Let q(s) = s**3 - s**2 + 3*s + 3. Let x(g) = 4*k(g) + 5*q(g). Determine x(5).
-6
Let x(a) = a**2 + 5*a - 4. Let m(c) = c**3 + 6*c**2 + 7*c + 4. Let y = -17 - -13. Let s = -9 - y. Let r be m(s). Calculate x(r).
2
Suppose 4*g = 22 - 10. Let q(w) = 0*w + 4*w + 2*w**2 - w**g - 5*w - 4. Calculate q(3).
-16
Let p(v) = -v + 1. Let w = -26 - -26. Calculate p(w).
1
Let k(c) = 5*c + 0 - 3*c**2 - 3*c**2 + 5*c**2 + 3. Let a be 6/(-12) + 34/(-4). Let u = 13 + a. Determine k(u).
7
Suppose 0 = -3*v, -2*x - 6 = -4*x + 5*v. Suppose 0 = x*y + 5*u - 26, -u = -3*u + 8. Let w(m) = 7 - 3*m**y + 2*m**2 + 2*m + m - m**3 - 4*m. Determine w(0).
7
Let f(o) = 13*o**3 - 27*o**2 + 29*o - 48. Let v(a) = -5*a**3 + 9*a**2 - 10*a + 17. Let h(b) = -3*f(b) - 8*v(b). Calculate h(-10).
-22
Let i(c) be the first derivative of 3 - 5/3*c**3 - 1/4*c**4 - c + 3*c**2. Calculate i(-6).
-1
Let t(z) be the first derivative of z**3/3 - 2*z**2 + 3*z - 17. Give t(5).
8
Let u(j) be the second derivative of -j**6/360 - j**5/20 - j**4/8 - 8*j**3/3 + 4*j. Let d(k) be the second derivative of u(k). Give d(-3).
6
Let x(f) be the first derivative of f**3 + f**2/2 + f - 560. Let q = 0 - 1. What is x(q)?
3
Let d(h) = h + 10. Suppose -331 = -4*f - 375. Determine d(f).
-1
Let y(o) = 6 - 2 - 15 - 16 - 8*o + o**2. Determine y(11).
6
Let m = -23 - -28. Suppose 0 = -5*t, m*t + 15 = -0*c + 3*c. Suppose c*q = r + 24, 2*r - 12 = -0*r - 2*q. Let p(d) = -8*d**3. Determine p(r).
-8
Suppose 0 = -3*v + 8*v - 15. Let c = 0 + v. Let s(h) = 9*h + 3. Let p(t) = 20*t + 7. Let d(n) = -4*p(n) + 9*s(n). Give d(c).
2
Let c = 24 - 21. Suppose 4*n - c = -u, 5*u + 1 = -24. Let y(i) = i + 5 + 0*i - i**n - 2*i + 2*i. Give y(4).
-7
Let d(g) = g**3 + 6*g**2 - 5. Let y be 4/(-12)*-3 - -14. Let s be (y - 0)*(-16)/40. Determine d(s).
-5
Let v(b) = 21 + 5*b**2 - 12*b**2 - 19*b + 6*b + 9*b**2. Calculate v(5).
6
Let p(f) be the third derivative of f**7/2520 - f**6/720 - f**5/40 + f**4/6 + 35*f**2. Let l(v) be the second derivative of p(v). Calculate l(0).
-3
Let r(z) = -3*z**2 - z. Let x(k) = -11*k**2 - 18*k + 15. Let f(y) = 4*r(y) - x(y). Calculate f(13).
-2
Let s(c) = 3898*c - 3894*c - c**2 - c**2 - 2. Determine s(3).
-8
Let a(b) = 61 - 2*b - 27 - 29. Let i be 8/1*4/8. Give a(i).
-3
Let c = -21 - -13. Let x(t) = -14057 + 14057 + 3*t - 2*t. Determine x(c).
-8
Let w(h) be the first derivative of 3 + 1/3*h**3 + 0*h + 5*h**2 + 1/60*h**5 + 1/6*h**4. Let z(o) be the second derivative of w(o). What is z(-3)?
-1
Let k(f) be the third derivative of f**6/60 + f**5/15 + f**4/12 + f**3/3 - 24*f**2 - 2*f. Determine k(-3).
-22
Let i(o) = -118*o**2 + 114*o**2 - 2*o**3 + 3 + 3*o**3 + 3*o. Let s = 33 - 30. Give i(s).
3
Let h(c) = c**3 + 6*c**2 + 6. Let l(j) = -5 + j + 3 - 11 + 0*j. Let b be l(7). Let p be h(b). Let f(m) = m**3 - 7*m**2 + 9*m - 3. Determine f(p).
15
Let k(l) = 3 + 6 + 0 + 5 + 6*l. Calculate k(-2).
2
Let w be (-3)/(-1)*6/9. Suppose 8*g - 4 = 4*g. Let r be g - 3*w/(-3). Let c(u) = -2*u. Determine c(r).
-6
Let z(v) = 974 - 2*v + 970 + 2*v + 6*v - 1943. Suppose -1 = -3*n - 7. Calculate z(n).
-11
Suppose -h = -2, 20*a - 22*a - 14 = -2*h. Let x(i) = -i**2 - 5*i - 2. Give x(a).
-2
Let a be 4 + -5 - 1/(-3)*5. Let y(x) be the third derivative of 0 + 0*x + 1/6*x**4 + 1/60*x**5 - a*x**3 + x**2. Calculate y(-3).
-7
Suppose 106*u - 804 = 1740. Let z(c) = c - 47. Determine z(u).
-23
Let r(c) be the third derivative of c**6/120 + 7*c**5/30 - 7*c**4/12 + 11*c**3/6 - 34*c**2 + 6. Give r(-15).
-4
Let x = -117 - -119. Let l(k) = 2*k**3 - 3*k**2 + 2*k - 2. Calculate l(x).
6
Let a(k) = -k. Let p(d) = -3*d - 2. Let v(l) = -4*a(l) + p(l). Let f = -99 - -100. Give v(f).
-1
Suppose -3*d - w = -d + 13, -d = 3*w + 14. Let u be 2 - -2 - (9 + d). Let m(b) = b**3 - b - 1. Calculate m(u).
-1
Let n(y) = 2*y**2 - 29*y + 37. Let s be n(13). Let k(r) = -3*r**2 - 5*r. What is k(s)?
-2
Let r(c) = c - 3*c**2 - 2 + c - c**3 + 2*c. Let p be 14/(-4 + (-15)/(-4)). Let z = p - -52. Give r(z).
-2
Let n(l) = l**3 - 9*l**2 - 11*l + 11. Let g be n(10). Let a(y) = y**3 + 4*y**2 - 8*y + 8. Let t(b) = b - 1. Let s(z) = g*a(z) + 3*t(z). Give s(-5).
5
Suppose -4*z - 3*k - 11 - 46 = 0, 0 = -2*z + 4*k - 12. Let p be (2/1)/(4/z). Let u(w) = w + 2. What is u(p)?
-4
Suppose -s = -5*o + 14, -2*s = -6*s - 16. Suppose -2*z - 6 = -3*z - 2*f, 0 = 4*z - 3*f - o. Let p(l) = -4*l**3 - 2*l**2 + 5*l**3 - z - 2 + 0. What is p(3)?
5
Let p(h) = h - 2*h + 4*h**2 - h - 2 - 3 + h**3. Let u = 12 + -1. Suppose -9 = 5*v + u. Calculate p(v).
3
Let a(p) be the second derivative of -p**3/3 - 5*p**2/2 - 1560*p. Suppose -15 = -w + 4*w. Calculate a(w).
5
Let c(k) = 16*k + 6. Let f(s) = 35*s + 14. Let w(l) = 7*c(l) - 3*f(l). What is w(-1)?
-7
Let y be (3/2)/(2 - (-55)/(-20)). Let r(u) = 8*u + 2. Let l(i) = 17*i + 4. Let o(g) = 3*l(g) - 5*r(g). Determine o(y).
-20
Let o(x) = 3*x**3 + 2*x**2 - 2*x + 1. Let p(m) = 2*m - 8. Let b be p(4). Suppose b = -11*v + 8*v + 3. Calculate o(v).
4
Let n(q) = 4*q**2 + 3*q. Let v(p) = -5*p**2 - 2*p. Let d(j) = -2*n(j) - 3*v(j). Let g(f) = f**2 + 14*f + 12. Let i be g(-13). Give d(i).
7
Let m(o) = 7*o**2 - 2*o + 13. Let z(g) = 6*g**2 + g + 12. Let a(c) = 5*m(c) - 6*z(c). What is a(-6)?
53
Let b(l) = l**2 - 37*l - 44. Let x be b(38). Let c(u) = u**3 + 5*u**2 - 9*u - 7. Give c(x).
11
Let w(a) be the third derivative of a**4/24 - 7*a**3/6 - 145*a**2. Give w(3).
-4
Let g(s) = 5*s + 5. Let p(o) = 3*o + 3. Let d(h) = -2*g(h) + 3*p(h). What is d(8)?
-9
Let i(d) be the first derivative of -5 - 3*d - 2*d**2 + 1/4*d**4 + 0*d**3. Suppose -s + 3*s = -4. Give i(s).
-3
Suppose -5*j + 14 = 3*g - 0*j, -4*g = -5*j - 7. Let a(i) = 0*i**3 - 10*i**2 + 4*i**2 - i**2 + 5*i + i**g - 9. Give a(6).
-15
Suppose 10*j - 34 - 6 = 0. Let r be 3/(-6)*j - 2. Let p(f) = -3*f + 1. Give p(r).
13
Let b(g) = -2*g - 5. Let w(i) = -5*i - 13. Let f(n) = -5*b(n) + 3*w(n). Give f(-3).
1
Let y(i) be the third derivative of 21*i**2 + 1/3*i**3 + 1/12*i**4 - 1/60*i**5 + 0*i + 0. Give y(4).
-6
Let o(j) = 3*j**2 - 434*j + 429*j - j**3 - 5 + 18 + 0*j**3. What is o(3)?
-2
Let 